t of 7220685?
8
What is the ten thousands digit of 250901?
5
What is the ten thousands digit of 1090986?
9
What is the hundred thousands digit of 5479627?
4
What is the thousands digit of 386200?
6
What is the tens digit of 217278?
7
What is the units digit of 180881?
1
What is the tens digit of 18177032?
3
What is the units digit of 157228?
8
What is the ten thousands digit of 282308?
8
What is the thousands digit of 969411?
9
What is the hundred thousands digit of 218950?
2
What is the thousands digit of 430291?
0
What is the tens digit of 93249?
4
What is the thousands digit of 758041?
8
What is the thousands digit of 4089866?
9
What is the tens digit of 710574?
7
What is the hundred thousands digit of 4647969?
6
What is the tens digit of 145131?
3
What is the hundred thousands digit of 1802654?
8
What is the hundreds digit of 388241?
2
What is the tens digit of 543130?
3
What is the tens digit of 2719300?
0
What is the ten thousands digit of 739965?
3
What is the ten thousands digit of 7472073?
7
What is the units digit of 19337348?
8
What is the thousands digit of 810055?
0
What is the hundred thousands digit of 20448990?
4
What is the hundreds digit of 81441?
4
What is the thousands digit of 165716?
5
What is the millions digit of 3388885?
3
What is the hundreds digit of 341423?
4
What is the ten thousands digit of 177810?
7
What is the hundreds digit of 1660663?
6
What is the ten thousands digit of 848881?
4
What is the hundreds digit of 414709?
7
What is the units digit of 372035?
5
What is the ten thousands digit of 147838?
4
What is the ten thousands digit of 172841?
7
What is the units digit of 121859?
9
What is the hundred thousands digit of 150991?
1
What is the thousands digit of 435859?
5
What is the units digit of 15440?
0
What is the hundred thousands digit of 3566739?
5
What is the thousands digit of 4881?
4
What is the millions digit of 3806360?
3
What is the tens digit of 1288893?
9
What is the tens digit of 2216874?
7
What is the ten thousands digit of 44263?
4
What is the tens digit of 279656?
5
What is the ten thousands digit of 13300046?
0
What is the units digit of 434692?
2
What is the hundreds digit of 135665?
6
What is the hundreds digit of 282852?
8
What is the hundred thousands digit of 33213317?
2
What is the thousands digit of 4144855?
4
What is the hundreds digit of 9786?
7
What is the ten thousands digit of 12497029?
9
What is the tens digit of 1288100?
0
What is the ten thousands digit of 308307?
0
What is the hundred thousands digit of 964690?
9
What is the ten thousands digit of 1919781?
1
What is the hundreds digit of 1670191?
1
What is the thousands digit of 331916?
1
What is the thousands digit of 412348?
2
What is the hundreds digit of 11512229?
2
What is the hundreds digit of 207626?
6
What is the ten thousands digit of 9298081?
9
What is the ten thousands digit of 256299?
5
What is the ten thousands digit of 232251?
3
What is the hundred thousands digit of 941242?
9
What is the tens digit of 2572232?
3
What is the thousands digit of 1396385?
6
What is the millions digit of 1246216?
1
What is the hundreds digit of 3510371?
3
What is the ten thousands digit of 583049?
8
What is the units digit of 215619?
9
What is the thousands digit of 4988097?
8
What is the units digit of 987417?
7
What is the tens digit of 960869?
6
What is the hundreds digit of 436428?
4
What is the units digit of 520054?
4
What is the ten thousands digit of 946175?
4
What is the units digit of 12611769?
9
What is the thousands digit of 2862966?
2
What is the ten thousands digit of 324536?
2
What is the thousands digit of 3057956?
7
What is the hundred thousands digit of 14434982?
4
What is the ten millions digit of 11784855?
1
What is the hundreds digit of 558969?
9
What is the thousands digit of 25238452?
8
What is the ten thousands digit of 1944702?
4
What is the units digit of 83579?
9
What is the hundreds digit of 39394?
3
What is the units digit of 12964900?
0
What is the tens digit of 1660101?
0
What is the tens digit of 91060?
6
What is the units digit of 1789877?
7
What is the hundreds digit of 100414?
4
What is the thousands digit of 7424406?
4
What is the ten thousands digit of 1831362?
3
What is the units digit of 8440836?
6
What is the millions digit of 2664348?
2
What is the hundreds digit of 275074?
0
What is the hundred thousands digit of 7082297?
0
What is the ten thousands digit of 10260001?
6
What is the hundred thousands digit of 23699793?
6
What is the millions digit of 17753299?
7
What is the hundreds digit of 4531247?
2
What is the units digit of 551503?
3
What is the units digit of 84685?
5
What is the ten thousands digit of 128110?
2
What is the tens digit of 9481079?
7
What is the tens digit of 84228?
2
What is the units digit of 372351?
1
What is the ten thousands digit of 1813985?
1
What is the units digit of 3523935?
5
What is the hundreds digit of 818142?
1
What is the tens digit of 2690441?
4
What is the ten thousands digit of 12870429?
7
What is the hundred thousands digit of 874173?
8
What is the units digit of 12980254?
4
What is the hundred thousands digit of 911839?
9
What is the ten thousands digit of 198775?
9
What is the thousands digit of 1046010?
6
What is the tens digit of 115530?
3
What is the thousands digit of 27718685?
8
What is the hundreds digit of 36028?
0
What is the millions digit of 1313642?
1
What is the ten millions digit of 18033263?
1
What is the ten millions digit of 41269755?
4
What is the units digit of 5486776?
6
What is the thousands digit of 5669004?
9
What is the tens digit of 31100310?
1
What is the thousands digit of 356400?
6
What is the ten thousands digit of 258192?
5
What is the thousands digit of 706466?
6
What is the hundreds digit of 464392?
3
What is the units digit of 17315960?
0
What is the tens digit of 2856523?
2
What is the tens digit of 7487596?
9
What is the hundred thousands digit of 128465?
1
What is the hundreds digit of 13222675?
6
What is the hundreds digit of 6333569?
5
What is the thousands digit of 4326681?
6
What is the tens digit of 220246?
4
What is the hundred thousands digit of 2829152?
8
What is the thousands digit of 5166572?
6
What is the millions digit of 6574488?
6
What is the thousands digit of 887584?
7
What is the hundreds digit of 2845736?
7
What is the ten thousands digit of 2228367?
2
What is the hundreds digit of 760027?
0
What is the units digit of 3924635?
5
What is the ten thousands digit of 372580?
7
What is the units digit of 68072?
2
What is the thousands digit of 592986?
2
What is the tens digit of 36044?
4
What is the hundred thousands digit of 1929721?
9
What is the thousands digit of 1260072?
0
What is the tens digit of 12684957?
5
What is the thousands digit of 99061?
9
What is the tens digit of 3240551?
5
What is the units digit of 231921?
1
What is the thousands digit of 1426627?
6
What is the tens digit of 323698?
9
What is the tens digit of 699355?
5
What is the millions digit of 9740593?
9
What is the tens digit of 7376592?
9
What is the hundred thousands digit of 419094?
4
What is the thousands digit of 4620326?
0
What is the hundred thousands digit of 2390094?
3
What is the ten thousands digit of 3397279?
9
What is the millions digit of 3156030?
3
What is the tens digit of 5781787?
8
What is the hundred thousands digit of 316864?
3
What is the ten thousands digit of 12519805?
1
What is the thousands digit of 6790806?
0
What is the tens digit of 1299230?
3
What is the tens digit of 1451811?
1
What is the units digit of 447790?
0
What is the hundreds digit of 115809?
8
What is the tens digit of 3408592?
9
What is the units digit of 504669?
9
What is the tens digit of 857176?
7
What is the hundred thousands digit of 10804732?
8
What is the units digit of 10885060?
0
What is the thousands digit of 549202?
9
What is the millions digit of 18718814?
8
What is the hundred thousands digit of 970423?
9
What is the units digit of 888136?
6
What is the units digit of 2743467?
7
What is the ten thousands digit of 18168216?
6
What is the tens digit of 195756?
5
What is the thousands digit of 2391404?
1
What is the thousands digit of 11199530?
9
What is the ten thousands digit of 1684713?
8
What is the thousands digit of 